-3).
2
Let q(x) = -3*x - x**3 - 8*x**3 + x**2 + 2*x**3 + 8*x**3 - 1 - 2*x**2. Determine q(-3).
-28
Let q(n) = 3*n**2 + 2*n - 1. Let b be q(-2). Let d be 17/(-68) + 6*9/24. Let z(a) = 37*a**2 - d*a - 28*a**2 + a + b + a**3. What is z(-9)?
16
Let n(j) = -4*j - 1. Let m(i) = -2*i - 4. Let x be m(-5). Let y be x + -3*5/15. Suppose -3 = -y*u - 23. Calculate n(u).
15
Let s(h) be the first derivative of h**3/3 - 3*h**2/2 - 3*h - 607. Let y be (0 + -12)*6/12*-1. Give s(y).
15
Let u(v) = -9*v + 6. Let s(z) be the first derivative of 5*z**3/3 + 9*z**2/2 + 8*z - 30. Let o be s(-1). Give u(o).
-30
Let y(n) = 7*n - 3*n - 2*n - 5*n - 28. Give y(-5).
-13
Let p(o) = 2*o + 20. Let y(g) = 3*g + 29. Suppose -35 = -745*f + 740*f. Let r(b) = f*p(b) - 5*y(b). What is r(-12)?
7
Let l(m) = -23*m. Let t(d) = -252*d. Let s(r) = -32*l(r) + 3*t(r). Suppose 2*b - 3*j = j - 12, -5*b - 5*j = -30. Suppose 0 = -u - 3 + b. Calculate s(u).
20
Suppose -3*m = f + 1, 0*f + 2*f = 3*m - 2. Let i(p) = -p**2 - p + 1. Let j(c) = -18 - 27 - 5*c**2 + 50 - 9*c. Let v(a) = f*j(a) + 6*i(a). Give v(-2).
-9
Let d(t) = 922*t**2 + 1 + 1 + 6*t - 921*t**2. Let u be -2 + -4 + (-7 - -11). Let g(b) = 2*b**3 + 3*b**2 + 3*b + 5. Let a be g(u). What is d(a)?
-3
Let x = 86 - 110. Let b be x/20*80/12*1. Let o(a) = -a - 2. Let n(c) = -c - 1. Let m(z) = -2*n(z) + 3*o(z). Calculate m(b).
4
Let m(r) be the third derivative of -r**4/8 + 29*r**3/6 + 17*r**2 - 47*r. Give m(10).
-1
Let p(l) = -18*l**3 - 11*l**2 - 49*l - 13. Let r(i) = 11*i**3 + 6*i**2 + 24*i + 7. Let d(o) = -3*p(o) - 5*r(o). What is d(7)?
-3
Let f(t) be the second derivative of 4*t**3/3 - 7*t**2 + 9*t - 72. Give f(5).
26
Let z(k) = 2*k**2 + 4*k + 2. Let i be ((-156)/30)/13 - (-10)/25. Calculate z(i).
2
Let c(g) be the first derivative of -g**2/2 + 6*g + 1. Let m = -49 - -51. Suppose 25 = m*h + 2*k + 7, -7 = h - 3*k. Calculate c(h).
1
Let g(i) = i + 19. Suppose 4*v + 2*f + 0*f = 478, -4*f - 508 = -4*v. Let d be 183/v*38/(-3). What is g(d)?
0
Let w(u) = -2*u**2 + 14*u - 21. Let q be 19 - (2352/12)/14. Calculate w(q).
-1
Let x = 5 + -1. Let r(u) be the third derivative of -1/6*u**4 - 1/20*u**5 - 1/2*u**3 + 0 - 37*u**2 + 0*u + 1/120*u**6. Determine r(x).
-3
Let z be (12*((-4)/(-18))/2)/(6/(-9)). Let q(t) = 4*t**3 - 5*t - 5. What is q(z)?
-27
Suppose 0 = -97*t - 75*t + 50*t + 976. Let o(g) = g**3 - 6*g**2 - 14*g - 34. What is o(t)?
-18
Let b(t) = t - 1. Let y(l) = -2*l + 3. Let i(f) = 3*b(f) + y(f). Let d be (-4)/(-3)*78/4. Suppose -11 = 3*h - d. What is i(h)?
5
Let q(y) be the first derivative of 1/2*y**2 + 5*y - 65. What is q(-11)?
-6
Let a = -7 + 10. Suppose 4*v - 5*i - 26 = -0*v, -2*v + 2 = a*i. Let q(u) = 5821 - 3*u**2 - 5822 - 4*u - u + u**3. Give q(v).
-5
Let o(y) = y**3 - y**2 + 13. Let f be (-4)/(-2)*(0 - 2) + 8. Let p be 0/((-20)/f)*1. Give o(p).
13
Let h be (-3)/(-6) + (-6)/(-12). Let u be h/1 - (-2)/2. Let y(m) = 2*m**2 + 1 + 2*m + 3*m**u - 5*m. Calculate y(2).
15
Let a(z) = -2*z**2 - 2*z - 12. Let p be a(-3). Let o be (45/6)/(p/64). Let x(c) = c**2 + 20*c - 3. Determine x(o).
-3
Let g(h) = 4*h**2 + 1 - 3*h + 0 - h**3 - 4. Let y be (4/12)/(((-15)/180)/(18/(-24))). What is g(y)?
-3
Let w(d) be the third derivative of -d**6/120 + d**5/5 - 7*d**4/12 + 16*d**3/3 + 14*d**2 + 3*d. Let l be w(11). Let r(b) = 7*b**2 - b. Determine r(l).
8
Let q(p) = -p**2 - p + 5. Let z = 35 - 42. Let f(u) = -u**2 + 7*u + 6. Let r be f(z). Let v be 23/(-6) + (-4 - r/24). Determine q(v).
-7
Let t(l) = 10*l - 321*l**2 + 12*l - 19*l - 2 + 315*l**2. What is t(-4)?
-110
Suppose -4*u = -3*k + 30, -2*k - 18 = -5*u - 31. Suppose -4*z + k + 14 = 0. Let v(m) = m**2 - 4*m - 7. What is v(z)?
14
Let z(q) = q + 2. Let d be z(-15). Let j(g) = 5*g + 76. Let w be j(d). Let p(i) = -2*i + 19. What is p(w)?
-3
Let h(z) = -327281*z**2 + 163636*z**2 + 6 - 10*z + 163644*z**2. Let t = 24 + -34. Calculate h(t).
6
Suppose 9 = -24*x + 21*x. Let p(n) = -7*n + 7. Let a(g) = 12*g - 15. Let m(c) = x*a(c) - 5*p(c). Calculate m(8).
2
Let m(h) = 0 + 1 - 52*h**3 + 53*h**3 + 9*h**2 + 11*h + 0*h**2 + 6*h + h**2. Let j = 7 + -15. Determine m(j).
-7
Let v(u) = -7*u + 10*u**2 + 169 - 332 + u**3 + 164. Determine v(-11).
-43
Let f(u) = -7*u**3 + 4*u**2 - 8. Let d(b) = 12*b**3 - 9*b**2 + 16. Let g(c) = 3*d(c) + 5*f(c). Give g(0).
8
Let n(g) = -66*g. Let l be n(-1). Suppose -10*s = -16*s + l. Suppose 23*h - s*h = -36. Let c(k) = -k**2 - 4*k + 2. Calculate c(h).
5
Let p(h) = h**2 + h + 1. Let g(q) = 7*q**2 + 6. Let d(i) = -g(i) + 6*p(i). Let r = 54 - 11. Let f = r + -36. Give d(f).
-7
Let v(l) = -25*l**2 - 54*l - 11. Let o(i) = 9*i**2 + 20*i + 4. Let n(u) = -14*o(u) - 5*v(u). Calculate n(-10).
-1
Let i(b) = -88*b**2 - 44*b + 259. Let k(r) = -123*r**2 - 66*r + 388. Let p(d) = -7*i(d) + 5*k(d). What is p(6)?
31
Let a(l) be the second derivative of -l**3/3 + 10*l**2 - 201*l - 4. What is a(19)?
-18
Let b(i) be the third derivative of i**5/60 - i**3/6 + 3*i**2 - 16. Let s(t) = t**3 + 5*t**2 + 11*t + 3. Let y(c) = 6*b(c) + s(c). Calculate y(-10).
-13
Let l = -5855 + 5855. Let m(b) = -2*b - 53. What is m(l)?
-53
Let t(i) = 285 + i**2 - 1144 + 295 + 285 - 9*i + 287. Suppose -d + 1 = -6. What is t(d)?
-6
Let y(o) = -5*o + 4. Suppose 11*t = 1120 + 266. Let a = 128 - t. What is y(a)?
-6
Let t(w) = w**2 - 4*w. Let d be (14 - (-48)/(-8)) + 3. Suppose -2*k = -y + 2*y - 7, 2*k = 5*y - d. Calculate t(y).
-3
Let b(f) be the second derivative of f**4/12 + f**3 + 5*f**2/2 - f. Let g = -29 + 23. Give b(g).
5
Suppose 20*y = 19*y + x - 14, x - 50 = 3*y. Let r(p) = -p**2 - 12*p + 104. Determine r(y).
-4
Let f = 436 + -427. Let j(s) = -2*s**3 + 338*s + 0*s**3 + f - 8*s**2 + s**3 - 1 - 334*s. Determine j(-8).
-24
Suppose 0 = -2*h + 2*j + 6, h + 2*j - 5*j = -5. Let s be 5/((-175)/15) - (-38)/h. Let f(y) = y - 5. What is f(s)?
0
Let i be 8/36 + 83/(-9). Let c(o) = 4*o**3 + 12*o**2 - o + 9. Let m be c(-3). Let v(r) = 135 + 3*r - 136 + 8*r**2 - m*r + r**3. What is v(i)?
-1
Let k(v) = -7*v - 4. Let l(f) = 20*f + 12. Let y(o) = -8*k(o) - 3*l(o). Suppose 811*x + 42*x = -140*x + 3972. Determine y(x).
-20
Let a(b) = -b - 18. Let g = 901 + -909. Determine a(g).
-10
Let b = -507 - -512. Let c(y) = b*y**2 + 2 - 3 - 24*y**2 + 2 + 50*y**2. Calculate c(-1).
32
Let w(u) be the second derivative of -u**5/20 - u**4/4 + u**3/2 + u**2/2 - u. Let n = -84 - -81. Determine w(n).
-8
Let n be 2 + -59 + -1 - -4. Let u be (27/(-15))/3 + n/(-15). Suppose -9 = u*c, 5*t - 11 + 36 = -5*c. Let d(g) = g**3 - 2*g**2 - 4*g - 3. Give d(t).
-11
Let j(f) be the second derivative of f**3/6 + f**2/2 + 2*f + 95. Let r(c) = -4*c + 15. Let v(z) = -5*j(z) - r(z). Give v(-17).
-3
Let r(c) be the second derivative of 8*c - 6*c**3 + 1/15*c**5 + 1/6*c**4 + 1/180*c**6 + 0*c**2 + 0. Let d(t) be the second derivative of r(t). What is d(-6)?
28
Let t(l) = -l**2 + 5. Suppose -15*c + 9 = -19*c + 1. Give t(c).
1
Let m(s) = 460*s**2 - 2*s**3 - 226*s**2 + 3*s - 230*s**2 - 5. What is m(3)?
-14
Let l(m) = -117*m**2 + 119*m**2 - 6*m + 3 + 4*m. Let z = -49 - -51. Give l(z).
7
Let m(t) be the third derivative of 1/60*t**5 - 1/3*t**3 + 68*t**2 + 0*t + 0 + 1/8*t**4. Give m(-3).
-2
Let l(w) = w**3 + 10*w**2 + 9*w - 5. Suppose n - 5*n + 4*y - 56 = 0, 5*n + 2*y = -35. Give l(n).
-5
Let j(z) = 4*z + 2. Let s be (-24)/(-30) + (-108)/10. Let y be (-24)/5 + 2/s. Let u(a) = -4*a - 1. Let v(f) = y*u(f) - 6*j(f). Determine v(-6).
17
Let d = 456 - 254. Let c(v) = d - 3*v + 4*v - 204 - 4*v. Give c(2).
-8
Let l(c) be the third derivative of c**6/120 - 29*c**5/60 - 8*c**4/3 + 55*c**3/6 + 8*c**2 - 500. What is l(31)?
-7
Let t(s) be the second derivative of -7*s**3/2 - 2*s**2 + 587*s - 1. Give t(4).
-88
Let k(f) = -f**3 + 4*f**2 - 4*f + 2. Let z be k(2). Let n(t) = 7 + z*t + 12*t - 5*t - 4*t. What is n(-4)?
-13
Let o = 7 + -3. Let v(y) = y**2 - y - 15. Let l be v(o). Let x be 1 - (-16)/12*l/(-2). Let c(u) = -u + 1. Calculate c(x).
-2
Let m(p) = -2*p + 66. Let h be m(37). Let n(g) be the second derivative of 0 - 5*g + 0*g**3 - 9/2*g**2 - 1/20*g**5 - 2/3*g**4. Give n(h).
-9
Let j(f) = -f**3 + 5*f**2 - f - 7. Let l(h) = 261*h + 2352. Let i be l(-9). Give j(i).
8
Let k(b) = b**2 - 13*b + 16*b - 7 - 5*b**2 - b**3. Suppose 44*n - 47*n = -198. Let x be 11/(n/(-12)) + -2 + -1. Calculate k(x).
3
Let z be 623/(-5) 